 number?
True
Is 696496351 a composite number?
True
Is 6387981527 a composite number?
False
Is 42388984133 composite?
False
Is 45944603909 composite?
False
Is 19607566003 composite?
False
Is 906062749 a prime number?
False
Is 73642867 a composite number?
True
Is 39438501061 a prime number?
True
Is 778436563 a composite number?
False
Is 995954723 a composite number?
False
Is 205231363037 prime?
False
Is 329756367697 prime?
True
Is 14164917913 a prime number?
False
Is 5976343589 a prime number?
False
Is 451645741 composite?
False
Is 12082859071 a composite number?
True
Is 7329855251 prime?
False
Is 4315446449 a composite number?
False
Is 1838510017 prime?
True
Is 106630440941 a composite number?
False
Is 2469152701 composite?
False
Is 137648802779 a composite number?
False
Is 2135696999 composite?
False
Is 23084231857 a composite number?
False
Is 440712703 prime?
True
Is 46977031 prime?
True
Is 140906287523 prime?
True
Is 3772510031 a composite number?
False
Is 1336982833 a prime number?
False
Is 808117403 prime?
False
Is 653770759 composite?
False
Is 1127042491 a composite number?
False
Is 269955479 composite?
False
Is 39966837719 prime?
False
Is 95679133583 a prime number?
False
Is 19628882209 composite?
False
Is 696735241 a composite number?
False
Is 4304664701 a composite number?
False
Is 458729169 a composite number?
True
Is 4032440507 a prime number?
True
Is 26801521441 a prime number?
True
Is 5721989873 a composite number?
True
Is 13096241233 prime?
False
Is 424842091 composite?
False
Is 86565287 composite?
False
Is 6668261389 a prime number?
True
Is 679331119 composite?
True
Is 43837422251 a prime number?
False
Is 28961745457 composite?
True
Is 59868989101 a prime number?
False
Is 436189877 prime?
True
Is 1550474293 a prime number?
False
Is 2122045187 a composite number?
False
Is 603557701 prime?
False
Is 557468167 a composite number?
True
Is 1726570129 composite?
True
Is 2045561279 composite?
False
Is 22464746321 a prime number?
False
Is 530715569 composite?
True
Is 60792674557 a prime number?
True
Is 13051805677 composite?
False
Is 78475013653 a composite number?
True
Is 4373866841 a composite number?
True
Is 7241107 a composite number?
True
Is 4106523021 a prime number?
False
Is 8570087327 prime?
True
Is 58093161301 composite?
True
Is 3732948413 prime?
True
Is 2436026701 composite?
False
Is 681575701 a prime number?
True
Is 2432170571 prime?
True
Is 75569276429 prime?
True
Is 881966413 a prime number?
True
Is 83006604251 a prime number?
True
Is 2907708631 prime?
False
Is 18294143 composite?
True
Is 498645127 a prime number?
True
Is 24849711473 composite?
False
Is 129402577009 prime?
True
Is 552244883 prime?
False
Is 2199235967 a prime number?
False
Is 614709719 a composite number?
True
Is 580867649 composite?
True
Is 55020223 prime?
True
Is 1944236593 a composite number?
True
Is 1278488413 a prime number?
False
Is 17543107627 prime?
True
Is 2873677903 composite?
False
Is 2395519891 a prime number?
False
Is 11986796447 a composite number?
False
Is 8601056083 composite?
False
Is 30638429357 a prime number?
False
Is 6540168389 prime?
True
Is 84278998 a composite number?
True
Is 551939923 prime?
True
Is 4644919913 a composite number?
False
Is 4545732383 prime?
False
Is 1732665307 prime?
False
Is 49081351439 a prime number?
True
Is 710710457 composite?
False
Is 548535197179 a prime number?
True
Is 88017088597 prime?
False
Is 483429343 a composite number?
False
Is 155535829 prime?
True
Is 40058339417 composite?
False
Is 15220091501 prime?
True
Is 1260673727 a prime number?
False
Is 1364774197 a prime number?
False
Is 22493230063 prime?
True
Is 623587186 composite?
True
Is 2481120673 a composite number?
False
Is 19242823867 a prime number?
True
Is 178371377 a prime number?
False
Is 29408696209 prime?
False
Is 2213591579 composite?
False
Is 1470087523 prime?
True
Is 12652893667 composite?
False
Is 523805803 composite?
True
Is 4052674211 a composite number?
True
Is 1152126577 prime?
False
Is 3718408579 prime?
False
Is 4384655723 a prime number?
False
Is 602774377723 a composite number?
True
Is 735052553 a prime number?
False
Is 12609553093 a composite number?
False
Is 45703380893 prime?
True
Is 2720702609 a composite number?
False
Is 75648967309 a composite number?
True
Is 38587903 a composite number?
False
Is 43981511081 a composite number?
False
Is 17848093 composite?
False
Is 94648107731 composite?
False
Is 1249877731 a prime number?
True
Is 390472787 prime?
True
Is 4449644461 a prime number?
True
Is 93422991227 composite?
False
Is 14290221973 a composite number?
True
Is 1430206189 a composite number?
False
Is 2823346121 prime?
True
Is 103314351323 composite?
False
Is 62202290467 composite?
False
Is 911306239 a composite number?
False
Is 579735917 prime?
True
Is 527088433 prime?
False
Is 9647167489 a prime number?
False
Is 3012647711 a prime number?
True
Is 4384626203 prime?
False
Is 566924593 composite?
True
Is 2712233327 prime?
True
Is 1700969639 composite?
False
Is 115184689 a prime number?
False
Is 117882211 a prime number?
True
Is 22768042453 composite?
True
Is 37623643181 composite?
True
Is 6476134987 a prime number?
False
Is 264034829 a prime number?
True
Is 56343631423 a composite number?
False
Is 5130017039 composite?
True
Is 187822808113 composite?
False
Is 1265947727 prime?
False
Is 5640082967 a composite number?
False
Is 227845699 prime?
False
Is 1120117403 prime?
False
Is 61451881427 composite?
False
Is 35468955239 composite?
False
Is 326601617 composite?
True
Is 12106553087 a composite number?
False
Is 2477686727 a composite number?
False
Is 1449774947 prime?
True
Is 8804954281 composite?
True
Is 52604087 a composite number?
False
Is 5479573441 prime?
True
Is 10446635611 prime?
False
Is 4120290589 prime?
True
Is 1226725997 a composite number?
True
Is 2427615349 composite?
True
Is 14196733 a prime number?
True
Is 490326227 prime?
True
Is 8434877701 a composite number?
True
Is 404370389 composite?
False
Is 27639157069 prime?
False
Is 57687577 a composite number?
False
Is 79226888021 a composite number?
False
Is 7658197679 composite?
True
Is 1073206559 prime?
True
Is 3438693319 a prime number?
True
Is 98496683153 a composite number?
True
Is 4645842337 a composite number?
True
Is 10804760339 a composite number?
False
Is 3112042777 composite?
False
Is 5088927869 prime?
False
Is 828335107 a prime number?
False
Is 578670139 a prime number?
True
Is 3235515469 composite?
True
Is 349135921 composite?
False
Is 654388591 prime?
False
Is 20420354699 a composite number?
True
Is 2353006643 a composite number?
True
Is 124508009 a prime number?
False
Is 8808779093 composite?
False
Is 129691427 prime?
False
Is 16736171 a prime number?
True
Is 371354299 a prime number?
True
Is 1486824217 a composite number?
False
Is 6850286321 composite?
True
Is 416216081 a composite number?
False
Is 33489489197 a composite number?
False
Is 1410453299 a composite number?
True
Is 25047632249 a composite number?
True
Is 5817361045 composite?
True
Is 386428249 composite?
False
Is 305998871 prime?
True
Is 5199756701 a prime number?
False
Is 11783098013 a composite number?
False
Is 6408825287 composite?
False
Is 535174043 a prime number?
False
Is 75356840381 a composite number?
True
Is 2991196171 a composite number?
False
Is 2179761667 composite?
True
Is 59673571 prime?
False
Is 2376866819 a prime number?
False
Is 27882017953 a prime number?
False
Is 3413418739 a composite number?
False
Is 5809164019 a prime number?
False
Is 24760859077 composite?
False
Is 2448923489 a composite number?
True
Is 363828173 a prime number?
False
Is 3315821741 composite?
True
Is 19143213257 a composite number?
True
Is 1100095627 composite?
True
Is 47453404027 composite?
True
Is 12954488681 a composite number?
False
Is 102831565579 composite?
False
Is 5069604599 composite?
False
Is 443923789 a composite number?
True
Is 5125066913 a prime number?
False
Is 687072979 a prime number?
True
Is 655745439 prime?
False
Is 5035285049 a prime number?
False
Is 1492334489 composite?
True
Is 30452438353 a composite number?
False
Is 7593158117 a composite number?
True
Is 1050234197 a prime number?
True
Is 25335334043 composite?
False
Is 12299990129 a prime number?
False
Is 325833221 a prime number?